{"id":54,"date":"2018-03-12T21:23:07","date_gmt":"2018-03-12T21:23:07","guid":{"rendered":"http:\/\/firefly-feuershow.de\/wordpress\/?page_id=54"},"modified":"2023-09-08T07:15:00","modified_gmt":"2023-09-08T07:15:00","slug":"medien","status":"publish","type":"page","link":"https:\/\/firefly-feuershow.de\/wordpress\/medien\/","title":{"rendered":"Medien"},"content":{"rendered":"\n<figure class=\"wp-block-embed is-type-video is-provider-youtube wp-block-embed-youtube wp-embed-aspect-16-9 wp-has-aspect-ratio\"><div class=\"wp-block-embed__wrapper\">\n<iframe loading=\"lazy\" title=\"Firefly beim  Burggl\u00fchen - Music &amp; Fire auf der Burgruine L\u00f6ffelstelz in M\u00fchlacker\" width=\"525\" height=\"295\" src=\"https:\/\/www.youtube.com\/embed\/yMLtj9nQLow?feature=oembed\" frameborder=\"0\" allow=\"accelerometer; autoplay; clipboard-write; encrypted-media; gyroscope; picture-in-picture; web-share\" referrerpolicy=\"strict-origin-when-cross-origin\" allowfullscreen><\/iframe>\n<\/div><\/figure>\n\n\n\n<figure class=\"wp-block-embed is-type-video is-provider-youtube wp-block-embed-youtube wp-embed-aspect-4-3 wp-has-aspect-ratio\"><div class=\"wp-block-embed__wrapper\">\n<iframe loading=\"lazy\" title=\"8. Kulturnacht T\u00fcbingen (7. Mai 2022)\" width=\"525\" height=\"394\" src=\"https:\/\/www.youtube.com\/embed\/Kn99V2AEOho?feature=oembed\" frameborder=\"0\" allow=\"accelerometer; autoplay; clipboard-write; encrypted-media; gyroscope; picture-in-picture; web-share\" referrerpolicy=\"strict-origin-when-cross-origin\" allowfullscreen><\/iframe>\n<\/div><\/figure>\n\n\n\n<div class=\"wp-block-media-text alignwide is-stacked-on-mobile\" style=\"grid-template-columns:49% auto\"><figure class=\"wp-block-media-text__media\"><img loading=\"lazy\" decoding=\"async\" width=\"768\" height=\"1024\" src=\"http:\/\/firefly-feuershow.de\/wordpress\/wp-content\/uploads\/2022\/05\/627e9c11c50a4_900x-768x1024.jpg\" alt=\"\" class=\"wp-image-308 size-full\" srcset=\"https:\/\/firefly-feuershow.de\/wordpress\/wp-content\/uploads\/2022\/05\/627e9c11c50a4_900x-768x1024.jpg 768w, https:\/\/firefly-feuershow.de\/wordpress\/wp-content\/uploads\/2022\/05\/627e9c11c50a4_900x-225x300.jpg 225w, https:\/\/firefly-feuershow.de\/wordpress\/wp-content\/uploads\/2022\/05\/627e9c11c50a4_900x.jpg 900w\" sizes=\"auto, (max-width: 706px) 89vw, (max-width: 767px) 82vw, 740px\" \/><\/figure><div class=\"wp-block-media-text__content\">\n<p class=\"has-medium-font-size\">Unser Interview beim Freien Radio W\u00fcste Welle bei der 8. Kulturnacht T\u00fcbingen 2022<\/p>\n\n\n\n<p class=\"has-medium-font-size\"><a href=\"https:\/\/www.wueste-welle.de\/redaktion\/view\/id\/25\/tab\/weblog\/article\/86309\/Kulturnacht_Interview__Firefly_Feuershow_Team.html\" target=\"_blank\" rel=\"noreferrer noopener\">https:\/\/www.wueste-welle.de\/redaktion\/view\/id\/25\/tab\/weblog\/article\/86309\/Kulturnacht_Interview__Firefly_Feuershow_Team.html<\/a><\/p>\n\n\n\n<p><\/p>\n\n\n\n<p><\/p>\n\n\n\n<p><\/p>\n\n\n\n<p><\/p>\n<\/div><\/div>\n\n\n<p><iframe loading=\"lazy\" title=\"Firefly-Feuershow Juli 2019\" width=\"525\" height=\"295\" src=\"https:\/\/www.youtube.com\/embed\/947V2vWUkmw?feature=oembed\" frameborder=\"0\" allow=\"accelerometer; autoplay; clipboard-write; encrypted-media; gyroscope; picture-in-picture; web-share\" referrerpolicy=\"strict-origin-when-cross-origin\" allowfullscreen><\/iframe><\/p>\n<p><iframe loading=\"lazy\" title=\"Firefly Feuershow 2017\" width=\"525\" height=\"295\" src=\"https:\/\/www.youtube.com\/embed\/Q4GY_fD7bRE?feature=oembed\" frameborder=\"0\" allow=\"accelerometer; autoplay; clipboard-write; encrypted-media; gyroscope; picture-in-picture; web-share\" referrerpolicy=\"strict-origin-when-cross-origin\" allowfullscreen><\/iframe><\/p>","protected":false},"excerpt":{"rendered":"<p>Unser Interview beim Freien Radio W\u00fcste Welle bei der 8. Kulturnacht T\u00fcbingen 2022 https:\/\/www.wueste-welle.de\/redaktion\/view\/id\/25\/tab\/weblog\/article\/86309\/Kulturnacht_Interview__Firefly_Feuershow_Team.html<\/p>\n","protected":false},"author":1,"featured_media":0,"parent":0,"menu_order":0,"comment_status":"closed","ping_status":"closed","template":"","meta":{"footnotes":""},"class_list":["post-54","page","type-page","status-publish","hentry"],"_links":{"self":[{"href":"https:\/\/firefly-feuershow.de\/wordpress\/wp-json\/wp\/v2\/pages\/54","targetHints":{"allow":["GET"]}}],"collection":[{"href":"https:\/\/firefly-feuershow.de\/wordpress\/wp-json\/wp\/v2\/pages"}],"about":[{"href":"https:\/\/firefly-feuershow.de\/wordpress\/wp-json\/wp\/v2\/types\/page"}],"author":[{"embeddable":true,"href":"https:\/\/firefly-feuershow.de\/wordpress\/wp-json\/wp\/v2\/users\/1"}],"replies":[{"embeddable":true,"href":"https:\/\/firefly-feuershow.de\/wordpress\/wp-json\/wp\/v2\/comments?post=54"}],"version-history":[{"count":7,"href":"https:\/\/firefly-feuershow.de\/wordpress\/wp-json\/wp\/v2\/pages\/54\/revisions"}],"predecessor-version":[{"id":318,"href":"https:\/\/firefly-feuershow.de\/wordpress\/wp-json\/wp\/v2\/pages\/54\/revisions\/318"}],"wp:attachment":[{"href":"https:\/\/firefly-feuershow.de\/wordpress\/wp-json\/wp\/v2\/media?parent=54"}],"curies":[{"name":"wp","href":"https:\/\/api.w.org\/{rel}","templated":true}]}}